{"id":139,"date":"2021-12-02T09:32:53","date_gmt":"2021-12-02T09:32:53","guid":{"rendered":"http:\/\/www.maansiirtosoukkala.fi\/?page_id=139"},"modified":"2021-12-02T09:35:35","modified_gmt":"2021-12-02T09:35:35","slug":"tietosuojaseloste","status":"publish","type":"page","link":"https:\/\/www.maansiirtosoukkala.fi\/?page_id=139","title":{"rendered":"Tietosuojaseloste"},"content":{"rendered":"<div class=\"elementor-element elementor-element-91e0e3f elementor-widget elementor-widget-text-editor\" data-id=\"91e0e3f\" data-element_type=\"widget\" data-widget_type=\"text-editor.default\">\n<div class=\"elementor-widget-container\">\n<div class=\"elementor-text-editor elementor-clearfix\">\n<p><img loading=\"lazy\" decoding=\"async\" class=\"alignnone  wp-image-140\" src=\"http:\/\/www.maansiirtosoukkala.fi\/wp-content\/uploads\/2021\/12\/Logo-must-WEB-MaansiirtoSoukkalaOy-300x100.png\" alt=\"\" width=\"348\" height=\"131\"><\/p>\n<p>Tietosuojaseloste ja tietoa ev\u00e4steiden k\u00e4yt\u00f6st\u00e4<\/p>\n<p>T\u00e4ss\u00e4 tietosuojaselosteessa kerromme, mink\u00e4laisia henkil\u00f6tietoja voimme ker\u00e4t\u00e4 sinusta tilatessasi palveluitamme tai ottaessasi yhteytt\u00e4 verkkosivumme kautta, sek\u00e4 mihin tarkoituksiin voimme t\u00e4llaisia tietoja k\u00e4ytt\u00e4\u00e4. K\u00e4ytt\u00e4m\u00e4ll\u00e4 verkkosivuamme, hyv\u00e4ksyt tietojen k\u00e4sittelyn t\u00e4m\u00e4n tietosuojaselosteen mukaisesti.<\/p>\n<p>Voimme ajoittain muuttaa t\u00e4t\u00e4 tietosuojaselostetta tarvittaessa julkaisemalla siit\u00e4 uuden version, joten tarkasta se s\u00e4\u00e4nn\u00f6llisesti. Verkkosivun k\u00e4ytt\u00f6 uuden version julkaisun j\u00e4lkeen katsotaan muokattujen ehtojen hyv\u00e4ksymiseksi.<\/p>\n<p><strong>Rekisterinpit\u00e4j\u00e4<br \/>\n<\/strong>Maansiirto Soukkala Oy, y-tunnus: 0580965-0<\/p>\n<p><strong>Rekisterist\u00e4 vastaavan yhteystiedot<br \/>\n<\/strong>Maansiirto Soukkala Oy<br \/>\nmaansiirto.soukkala@kuusnetikka.fi<\/p>\n<p><strong>Rekisterin nimi<br \/>\n<\/strong>Maansiirto Soukkala Oy \u2013 verkkosivujen rekisteri<\/p>\n<p><strong>Henkil\u00f6tietojen k\u00e4sittelyn tarkoitus<br \/>\n<\/strong>Henkil\u00f6tietoja k\u00e4ytet\u00e4\u00e4n henkil\u00f6tietolain mukaisiin tarkoituksiin, kuten:<\/p>\n<ul>\n<li>Asiakassuhteen hoitaminen ja yll\u00e4pito<\/li>\n<li>Asiakaskirjeet ja tiedotteet<\/li>\n<li>Asiakaskyselyt ja asiakasinformaation ker\u00e4\u00e4minen<\/li>\n<li>Palveluiden toteuttaminen, myynti, hallinta, laskuttaminen ja tuotteiden\/palveluiden markkinointi sek\u00e4 palvelujen kehitt\u00e4minen<\/li>\n<\/ul>\n<p>Maansiirto Soukkalalla on oikeus k\u00e4ytt\u00e4\u00e4 ja luovuttaa rekisteriss\u00e4 olevia tietoja perusteltua k\u00e4ytt\u00f6tarkoitusta varten (esim. suoramainonta, et\u00e4myynti, mielipide- ja markkinatutkimukset) henkil\u00f6tietolain ja muun soveltuvan lains\u00e4\u00e4d\u00e4nn\u00f6n mukaisesti.<\/p>\n<p><strong>Rekisterin tietosis\u00e4lt\u00f6<br \/>\n<\/strong>Ker\u00e4\u00e4mme ja k\u00e4sittelemme verkkosivuillamme vain henkil\u00f6tietoja, jotka ovat tarpeen verkkosivujemme laadun ja luotettavuuden takaamiseksi:<\/p>\n<ul>\n<li>Henkil\u00f6iden itsens\u00e4 antamat luokittelutiedot (esim. kiinnostuksen kohteet)<\/li>\n<li>IP-osoitetieto tai muu tunniste<\/li>\n<li>Asiakaspalautetiedot<\/li>\n<li>Tilaus-, laskutus- ja toimitustiedot<\/li>\n<li>Ev\u00e4steiden kautta ker\u00e4tt\u00e4v\u00e4t tiedot<\/li>\n<li>Sosiaalisen median kanavista ker\u00e4tt\u00e4v\u00e4t tiedot<\/li>\n<li>Verkkopalvelustamme ker\u00e4\u00e4m\u00e4mme tiedot<\/li>\n<li>Yrityksen ja\/tai henki\u00f6n etu- ja sukunimi, osoite, s\u00e4hk\u00f6postiosoite, puhelinnumero, yleisesti saatavilla olevat luokittelutiedot, ja markkinoinnin luvista ja kielloista.<\/li>\n<\/ul>\n<p><strong>Tietol\u00e4hteet<br \/>\n<\/strong>Maansiirto Soukkala Oy:n asiakasrekisteri. Asiakkaan antamat tiedot ja palvelun yhteydess\u00e4 muodostuneet tiedot. Tiedot tallentuvat rekisteriin asiakkaan j\u00e4tt\u00e4ess\u00e4 tiedot tai k\u00e4ytt\u00e4ess\u00e4 Maansiirto Soukkala Oy:n palveluita.<\/p>\n<p><strong>Tietojen luovutus<br \/>\n<\/strong>Voidaksemme toimittaa Palvelua sinulle parhaalla mahdollisella tavalla, saatamme luovuttaa tietoja kanssamme samaan konserniin kuuluville yhti\u00f6ille ja yhteisty\u00f6kumppaneillemme, jotka k\u00e4sittelev\u00e4t tietojasi ainoastaan Palvelun toimittamisen vaatimissa rajoissa. Yhteisty\u00f6kumppanimme eiv\u00e4t k\u00e4yt\u00e4 tietoja muihin tarkoituksiin eiv\u00e4tk\u00e4 luovuta tietoja kolmansille osapuolille.<\/p>\n<p>Maansiirto Soukkala Oy voi kuitenkin luovuttaa tietoja voimassaolevan lains\u00e4\u00e4d\u00e4nn\u00f6n sallimissa ja velvoittamissa rajoissa. Tietoja voidaan luovuttaa my\u00f6s EU:n tai&nbsp; ETA:n ulkopuolelle mm. tietojen teknisen yll\u00e4pidon ja k\u00e4sittelyn toteuttamiseksi alihankkijoidemme toimesta.<\/p>\n<p><strong>Rekisterin suojaus<br \/>\n<\/strong>Rekisteri on suojattu ulkopuolisten k\u00e4yt\u00f6lt\u00e4. Rekisteriin p\u00e4\u00e4sy on ainoastaan Maansiirto Soukkala Oy:n ty\u00f6ntekij\u00f6ill\u00e4, joiden ty\u00f6teht\u00e4v\u00e4t edellytt\u00e4v\u00e4t rekisteriss\u00e4 olevien tietojen k\u00e4sittely\u00e4. Ty\u00f6ntekij\u00f6it\u00e4 sitoo vaitiolo- ja salassapitovelvollisuus.<\/p>\n<p><strong>Ev\u00e4steet<br \/>\n<\/strong>Ev\u00e4steet ovat pieni\u00e4 tekstitiedostoja, jotka tallentuvat automaattisesti tietokoneelle \/ p\u00e4\u00e4telaitteelle k\u00e4vij\u00e4n vieraillessa eri verkkosivustoilla. Verkkopalvelumme hy\u00f6dynt\u00e4\u00e4 ev\u00e4steit\u00e4, jotta voimme tarjota palvelumme mahdollisimman k\u00e4ytt\u00e4j\u00e4yst\u00e4v\u00e4llisen\u00e4 ja laadukkaana. Sivustomme k\u00e4ytt\u00e4\u00e4 Active Campaign Analytics- sek\u00e4 Google Analytics -ohjelmistoja&nbsp; (\u201dOhjelmistot\u201d), ker\u00e4t\u00e4kseen anonyymej\u00e4 tilastoja sivuston k\u00e4ytt\u00e4jist\u00e4 tarkoituksenaan parantaa verkkopalvelun laatua. Ohjelmistot tallentavat muun muassa tietoja siit\u00e4, mill\u00e4 sivulla k\u00e4yt, kuinka kauan viivyt sivustolla, mit\u00e4 kautta tulit sivustolle ja mit\u00e4 linkkej\u00e4 klikkaat. Mik\u00e4li et halua verkkopavelun saavan tietoja ev\u00e4steiden avulla, voit kielt\u00e4\u00e4 ev\u00e4steet (useimmat selainohjelmat mahdollistavat ev\u00e4ste-toiminnon poiskytkemisen). Huomaa kuitenkin, ett\u00e4 t\u00e4ll\u00f6in verkkopalvelu ei v\u00e4ltt\u00e4m\u00e4tt\u00e4 toimi h\u00e4iri\u00f6itt\u00e4.<\/p>\n<p><strong>Tarkastusoikeus<br \/>\n<\/strong>Jokaisella on oikeus tiet\u00e4\u00e4, mit\u00e4 h\u00e4nt\u00e4 koskevia tietoja henkil\u00f6rekisteriin on tallennettu.&nbsp; Tarkastusoikeus on maksuton kerran vuodessa ja pyynt\u00f6\u00e4 esitett\u00e4ess\u00e4 henkil\u00f6n on&nbsp; todistettava oma henkil\u00f6llisyytens\u00e4 joko luotettavaa tunnistusta k\u00e4ytt\u00e4v\u00e4ll\u00e4 s\u00e4hk\u00f6isell\u00e4&nbsp; varmennej\u00e4rjestelm\u00e4ll\u00e4 (esim. s\u00e4hk\u00f6isell\u00e4 henkil\u00f6tunnuskortilla), henkil\u00f6kohtaisesti asiakaspalvelussa esitt\u00e4m\u00e4ll\u00e4 henkil\u00f6llisyystodistus tai omakohtaisesti allekirjoitetulla tai vastaavalla tavalla varmennetulla asiakirjalla. Tiedot annetaan pyydett\u00e4ess\u00e4\u0308 kirjallisesti. Henkil\u00f6kohtaiset tarkistuspyynn\u00f6t voi j\u00e4tt\u00e4\u00e4 ottamalla yhteytt\u00e4 Maansiirto Soukkalaan ja tarkastuspyynt\u00f6 ohjataan k\u00e4sittelyyn.<\/p>\n<p><strong>Oikeus vaatia tiedon korjaamista<br \/>\n<\/strong>Rekisterinpit\u00e4j\u00e4 poistaa, oikaisee tai t\u00e4ydent\u00e4\u00e4 k\u00e4sittelyn kannalta virheelliset, tarpeettomat, puutteelliset tai vanhentuneet tiedot oma-aloitteisesti tai henkil\u00f6n pyynn\u00f6st\u00e4. Oikaisupyynt\u00f6 on teht\u00e4v\u00e4 kirjallisesti.<\/p>\n<p><strong>Muut henkil\u00f6tietojen k\u00e4sittelyyn liittyv\u00e4t oikeudet<br \/>\n<\/strong>Rekister\u00f6idyll\u00e4 on oikeus kielt\u00e4\u00e4 rekisterinpit\u00e4j\u00e4\u00e4 k\u00e4sittelem\u00e4st\u00e4 h\u00e4nt\u00e4 itse\u00e4\u00e4n koskevia tietoja suoramainontaa, et\u00e4myynti\u00e4, ja muuta suoramarkkinointia, markkina- ja mielipidetutkimuksia, henkil\u00f6matrikkelia ja sukututkimusta varten. Kielto tulee osoittaa rekisteriasioista vastaavalle yhteyshenkil\u00f6lle.<\/p>\n<\/div>\n<\/div>\n<\/div>\n","protected":false},"excerpt":{"rendered":"<p>Tietosuojaseloste ja tietoa ev\u00e4steiden k\u00e4yt\u00f6st\u00e4 T\u00e4ss\u00e4 tietosuojaselosteessa kerromme, mink\u00e4laisia henkil\u00f6tietoja voimme ker\u00e4t\u00e4 sinusta tilatessasi palveluitamme tai ottaessasi yhteytt\u00e4 verkkosivumme kautta, sek\u00e4 mihin tarkoituksiin voimme t\u00e4llaisia tietoja k\u00e4ytt\u00e4\u00e4. K\u00e4ytt\u00e4m\u00e4ll\u00e4 verkkosivuamme, hyv\u00e4ksyt tietojen k\u00e4sittelyn t\u00e4m\u00e4n tietosuojaselosteen mukaisesti. Voimme ajoittain muuttaa t\u00e4t\u00e4 tietosuojaselostetta tarvittaessa julkaisemalla siit\u00e4 uuden version, joten tarkasta se s\u00e4\u00e4nn\u00f6llisesti. Verkkosivun k\u00e4ytt\u00f6 uuden version julkaisun j\u00e4lkeen &#8230; <a title=\"Tietosuojaseloste\" class=\"read-more\" href=\"https:\/\/www.maansiirtosoukkala.fi\/?page_id=139\" aria-label=\"Read more about Tietosuojaseloste\">Read more<\/a><\/p>\n","protected":false},"author":1,"featured_media":138,"parent":0,"menu_order":0,"comment_status":"closed","ping_status":"closed","template":"","meta":{"footnotes":""},"class_list":["post-139","page","type-page","status-publish","has-post-thumbnail"],"aioseo_notices":[],"_links":{"self":[{"href":"https:\/\/www.maansiirtosoukkala.fi\/index.php?rest_route=\/wp\/v2\/pages\/139"}],"collection":[{"href":"https:\/\/www.maansiirtosoukkala.fi\/index.php?rest_route=\/wp\/v2\/pages"}],"about":[{"href":"https:\/\/www.maansiirtosoukkala.fi\/index.php?rest_route=\/wp\/v2\/types\/page"}],"author":[{"embeddable":true,"href":"https:\/\/www.maansiirtosoukkala.fi\/index.php?rest_route=\/wp\/v2\/users\/1"}],"replies":[{"embeddable":true,"href":"https:\/\/www.maansiirtosoukkala.fi\/index.php?rest_route=%2Fwp%2Fv2%2Fcomments&post=139"}],"version-history":[{"count":2,"href":"https:\/\/www.maansiirtosoukkala.fi\/index.php?rest_route=\/wp\/v2\/pages\/139\/revisions"}],"predecessor-version":[{"id":143,"href":"https:\/\/www.maansiirtosoukkala.fi\/index.php?rest_route=\/wp\/v2\/pages\/139\/revisions\/143"}],"wp:featuredmedia":[{"embeddable":true,"href":"https:\/\/www.maansiirtosoukkala.fi\/index.php?rest_route=\/wp\/v2\/media\/138"}],"wp:attachment":[{"href":"https:\/\/www.maansiirtosoukkala.fi\/index.php?rest_route=%2Fwp%2Fv2%2Fmedia&parent=139"}],"curies":[{"name":"wp","href":"https:\/\/api.w.org\/{rel}","templated":true}]}}