{"id":28,"date":"2016-05-25T09:33:23","date_gmt":"2016-05-25T09:33:23","guid":{"rendered":"http:\/\/www.maansiirtosoukkala.fi\/?page_id=28"},"modified":"2020-06-16T11:10:14","modified_gmt":"2020-06-16T11:10:14","slug":"toteutetut-tyomaat","status":"publish","type":"page","link":"https:\/\/www.maansiirtosoukkala.fi\/?page_id=28","title":{"rendered":"Toteutetut ty\u00f6maat"},"content":{"rendered":"<header class=\"entry-header\">\n<h4 class=\"entry-title\"><strong>\u00c4ht\u00e4rin El\u00e4inpuisto<br \/>\n<\/strong><\/h4>\n<p>Karhu- ja pandatarhojen j\u00e4tevesien k\u00e4sittelyj\u00e4rjestelm\u00e4n suunnittelu ja toteutus,\u00a02017<br \/>\n<em>Suodatuskentt\u00e4 ja kosteikko. Toteutettu 3D mittaustekniikalla<\/em><\/p>\n<h4 class=\"entry-title\"><strong>Sein\u00e4joen kaupunki<\/strong><\/h4>\n<p>Asuntomessualueen vesist\u00f6rakentaminen (Pruukinranta),\u00a02015<br \/>\n<span style=\"color: #999999;\"><em>ruoppaukset, venerannat ja uimaranta. Toteutettu 3D mittaustekniikalla<\/em><\/span><\/p>\n<p>Kyrk\u00f6sj\u00e4rven turvelauttojen poistoa Pruukinrannasta asuntomessujen aikana, 2016<br \/>\n<span style=\"color: #999999;\"><em>lauttojen siirto vastarannalle ja l\u00e4jitys<\/em><\/span><\/p>\n<\/header>\n<h4><strong>YIT-Rakennus Oy \/ Infrapalvelut<\/strong><\/h4>\n<p>Maantie 17623 Kellokorventien kevyenliikenteen v\u00e4yl\u00e4n rakentaminen v\u00e4lille Alavus &#8211; Tuuri, 2016<br \/>\n<span style=\"color: #999999;\"><em>Konety\u00f6urakka, toteutus 3D-tekniikalla<\/em><\/span><\/p>\n<h4><strong>Destia Oy<\/strong><\/h4>\n<p>Lapua Simpsi\u00f6n hotellialueen katujen vesi ja viem\u00e4r\u00f6intikonety\u00f6\/putkiasentaja<\/p>\n<p>Nurmo Kuusenlahti<em>, <\/em>2010<em><br \/>\n<span style=\"color: #999999;\">palvelutalon viem\u00e4r\u00f6inti, sadevesi- ja salojitusty\u00f6t<\/span><\/em><\/p>\n<p>Nurmo ratasiltojen perustusten konety\u00f6t\u00e4, 2010<\/p>\n<p>Karijoki, vesi- ja viem\u00e4rilinjan konety\u00f6t, 2009<\/p>\n<p>Lammasnevan pumppaamoiden ja allastusten konety\u00f6t\u00e4, 2009<\/p>\n<p>Sein\u00e4joki, Heikkil\u00e4nm\u00e4ki j\u00e4tevesiviem\u00e4r\u00f6innin konety\u00f6t\u00e4, 2008<\/p>\n<p>Haukinevan pumppaamon ja allastusten maanrakennusty\u00f6t, 2008<\/p>\n<p>KT 66 kevyenliikenteen maanrakennusty\u00f6t Alavus, M\u00e4kisenm\u00e4ki 2008<\/p>\n<p>Mt 7056 Kaitavesi-Vaasan piirin raja maanrakennusty\u00f6t, 2008<\/p>\n<p>\u00c4mm\u00e4l\u00e4nkyl\u00e4n tien konety\u00f6t, 2007<\/p>\n<p>Sein\u00e4joen lentoasema konety\u00f6t\u00e4, 2006<\/p>\n<p>Mt 701 Renko &#8211; Honkakyl\u00e4 konety\u00f6t\u00e4, 2006<\/p>\n<p>Alavuden kaatopaikan lopettamisty\u00f6t,\u00a02005<\/p>\n<div class=\"entry-content\">\n<p>&nbsp;<\/p>\n<h4><strong>Alavuden kaupunki<\/strong><\/h4>\n<p>Alavudenj\u00e4rven Huhtam\u00e4enpuiston rannan kunnostusruoppaus 2017<br \/>\n<span style=\"color: #999999;\"><em>Ruoppausalue 11000 m\u00b2, Hiekkarannan uusiminen 4500m\u00b2<br \/>\n<\/em><\/span><\/p>\n<p>Ponnenj\u00e4rven laskeutusaltaiden kunnostusruoppaus 2017<br \/>\n<span style=\"color: #999999;\"><em>T\u00f6ys\u00e4<br \/>\n<\/em><\/span><\/p>\n<p>Kunnallisteknisi\u00e4 rakennust\u00f6it\u00e4, 2015 &#8211; 2016<br \/>\n<span style=\"color: #999999;\"><em>vesijohtolinja T\u00f6ys\u00e4 \u2013 Tuuri, Alavus as \u2013 Ritola<\/em><\/span><\/p>\n<p>Alavudenj\u00e4rvi Lahdenranta ruoppaus, 2012<br \/>\n<span style=\"color: #999999;\"><em>13 000\u00a0m\u00b3<\/em><\/span><\/p>\n<p>Miekkaj\u00e4rven pohjapadon rakentaminen, 2010<\/p>\n<p>Alavudenj\u00e4rvi Lahdenranta ruoppaus, 2011<\/p>\n<p>Alavuden Tusanranta 1 ruoppaus, 2010<\/p>\n<p>Alavuden Tusanranta 2 ruoppaus, 2010<\/p>\n<p>Kunnallisteknisi\u00e4 sek\u00e4 tienrakennust\u00f6it\u00e4, 2010<em><br \/>\n<span style=\"color: #999999;\">(vesijohtolinjoja sek\u00e4 sora\/mursketoimituksia)<\/span><\/em><span style=\"color: #999999;\"><em>\u00a0Hirviharjuntie, Kauppaneuvoksentie<\/em><\/span><\/p>\n<p>&nbsp;<\/p>\n<h4><strong>Kuortaneen kunta<\/strong><\/h4>\n<p>Kuharannan ruoppaus, 2010<br \/>\n<span style=\"color: #999999;\"><em>n. 40000m\u00b3<\/em><\/span><\/p>\n<p>&nbsp;<\/p>\n<h4><strong>UPM<\/strong><\/h4>\n<p>Mets\u00e4teiden rakennusta \/ m\u00e4t\u00e4styst\u00e4<\/p>\n<p>&nbsp;<\/p>\n<h4><strong>Suomen mets\u00e4keskus<\/strong><\/h4>\n<p>KT 68 kokoomateiden rakentaminen \u00c4ht\u00e4ri &#8211; Lehtim\u00e4ki, 2007<br \/>\n<span style=\"color: #999999;\"><em>liittymien poistot<\/em><\/span><\/p>\n<p>VT 19 kokoomateiden rakentaminen Sein\u00e4joki &#8211; Lapua, 2006-07<\/p>\n<p>Mets\u00e4tien rakennusta \/ mets\u00e4ojitusta<\/p>\n<p>&nbsp;<\/p>\n<h4><strong>Ely-Keskus<\/strong><\/h4>\n<p>Jurvan Levajoen kunnostusruoppaus 2018<br \/>\n<em><span style=\"color: #999999;\">Toteutus 3D mittaustekniikalla<\/span><\/em><\/p>\n<p>Luopaj\u00e4rven Tappikoski, louhevahvistus 2017<br \/>\n<em>Reunavallin sortuman korjaus 100m:n matkalta. Toteutus 3D mittaustekniikalla<\/em><\/p>\n<p>Valkiaj\u00e4rven kunnostusruoppaus Jalasj\u00e4rvi \/ Per\u00e4sein\u00e4joki 2015-2016<br \/>\n<em><span style=\"color: #999999;\">Ruoppaus 22000m\u00b3 \/ patopengerrys 600m. Toteutus 3D mittaustekniikalla<br \/>\n<\/span><\/em><\/p>\n<p>Luopaj\u00e4rven tulvasuojelun 2-vaihe Jalasj\u00e4rvell\u00e4,\u00a02013-2014<br \/>\n<em><span style=\"color: #999999;\">Toteutus 3D mittaustekniikalla<br \/>\n<\/span><\/em><\/p>\n<p>Sulkavankyl\u00e4n kuivausojitus,<em>\u00a0<\/em>2012<em><br \/>\n<span style=\"color: #999999;\">40000m\u00b3\/10km<\/span><\/em><\/p>\n<p>Purmoj\u00e4rven kunnostus 3 vaihe, 2011<em><br \/>\n<span style=\"color: #999999;\">Pohjapato, kosteikko, ruoppausta 60000 m\u00b3<\/span><\/em><\/p>\n<p>Jalasj\u00e4rven Hirvij\u00e4rven kunnostuksen 1 vaihe, 2010<em><br \/>\n<span style=\"color: #999999;\">toteutettu 3D mittaustekniikalla<\/span><\/em><\/p>\n<p>Tiisj\u00e4rven kunnostus Hirvij\u00e4rven allastusten konety\u00f6, 2009-2010<\/p>\n<p>Ponnej\u00e4rven 2 vaiheen ruoppaus, 2007<\/p>\n<p>&nbsp;<\/p>\n<h4><strong>Vapo<br \/>\n<\/strong><\/h4>\n<p>Riihinevan kosteikko, 2012<br \/>\n<em><span style=\"color: #999999;\">3 ha<\/span>\u00a0<\/em><\/p>\n<p>&nbsp;<\/p>\n<h4><strong>Hankkeet<\/strong><\/h4>\n<p>Leip\u00e4puron luonnonhoitohanke, 2018 \u2013 2020<br \/>\n<em>1 kosteikko 1,3ha, 1 pohjapato \/ 35m koskiosuuden teko<br \/>\n<\/em><\/p>\n<p>Kalajaisj\u00e4rven luonnonhoitohanke, 2018 \u2013 2019<br \/>\n<em>15 pohjapatoa, ojan louhevahvistusta 40m<br \/>\n<\/em><\/p>\n<p>Saarij\u00e4rven Kuorej\u00e4rven luonnonhoitohanke, 2017 \u2013 2019<br \/>\n<em>1 pohjapatosarja, 2 laskeutusallasta, 2 virtaumans\u00e4\u00e4t\u00f6patoa, 250m ojan vahvistamista<br \/>\n<\/em><\/p>\n<p>\u00c4ht\u00e4rin Kolunjoen luonnonhoitohanke, 2014 \u2013 2016<br \/>\n<span style=\"color: #999999;\"><em>1 kosteikko, 1 pintavalutuskentt\u00e4, 87 pohjapatoa, 35 laskeutusallasta<\/em><\/span><\/p>\n<p>Jalasj\u00e4rven Susinevan luonnonhoitohanke, 2013 \u2013 2014<br \/>\n<span style=\"color: #999999;\"><em>2 kosteikkoa, 14 lieteallasta, 10 pohjapatoa<br \/>\n<\/em><\/span><\/p>\n<p>Latojoen-Unkapuron luonnonhoitohanke, 2010-2011<em><br \/>\n<span style=\"color: #999999;\">2 kosteikkoa, 12 lieteallasta, 42 pohjapatoa\u00a0<\/span><\/em><\/p>\n<p>Kattelusj\u00e4rven ymp\u00e4rist\u00f6n talouksien j\u00e4tevesien k\u00e4sittely hanke<em><br \/>\n<span style=\"color: #999999;\">9 vakituista asuntoa, 8 kes\u00e4asuntoa<\/span><\/em><\/p>\n<p>ISS CLEARWATER (Iso-Soukkaj\u00e4rvi)<em><br \/>\n<span style=\"color: #999999;\">Sis\u00e4lt\u00e4en j\u00e4tevesik\u00e4sittelyn maansuodatuksilla ja kaivolla toteutettuna. Hanke k\u00e4sitti 13 vakituista asuntoa ja 31 vapaa-ajan asuntoa<\/span><\/em><\/p>\n<\/div>\n<p>Pyylammin pohjapato<\/p>\n<p>Pajuluoman luonnonhoitohanke<\/p>\n<p>Kaarankaj\u00e4rven luonnonhoitohanke<\/p>\n<div class=\"entry-content\">\n<p>Iso-Vehkaj\u00e4rven luonnonhoitohanke<\/p>\n<p>&nbsp;<\/p>\n<h4><strong>Yksityiset<\/strong><\/h4>\n<p>Alavudenj\u00e4rven kosteikko 2018 (Kirmanen)<br \/>\n<em>Kosteikon koko n. 2,5 ha<br \/>\n<\/em><\/p>\n<p>Alavuden Saarij\u00e4rven kosteikko 2018<br \/>\n<em>Kosteikon koko n. 2 ha<br \/>\n<\/em><\/p>\n<p>Heini- ja J\u00e4\u00e4tteenluoman kunnostusperkaus 2018 (Lapua)<br \/>\n<em>Kokonaispituus n. 9 km<br \/>\n<\/em><\/p>\n<p>Vuosittain useita rannan ruoppauksia pitk\u00e4puomikoneella.<\/p>\n<p>Alavuden Saarij\u00e4rven kunnostusruoppausta, 2016 ja 2017<br \/>\n<span style=\"color: #999999;\"><em>12 000 m\u00b3 + 15 000 m\u00b3<br \/>\n<\/em><\/span><\/p>\n<p>Riikku Rakenne Oy:n pihan laajennukset ja hallin rakennuksen pohjaty\u00f6t, 2010-2012<br \/>\n<span style=\"color: #999999;\"><em>15 000 m\u00b2, toteutettu 3D mittaustekniikalla<\/em><\/span><\/p>\n<p>Ala-Heikkil\u00e4 Kosteikko, 2013<br \/>\n<span style=\"color: #999999;\"><em>1,5 ha<\/em><\/span><\/p>\n<p>Maanrakennus Hautala Hakoj\u00e4rven kevyenliikenteen v\u00e4yl\u00e4, 2013<br \/>\n<span style=\"color: #999999;\"><em>2 km, toteutus 3D mittaustekniikalla<\/em><\/span><\/p>\n<p>Alavuden Lentokentt\u00e4s\u00e4\u00e4ti\u00f6n lentokent\u00e4n perusparannus, 2013<br \/>\n<span style=\"color: #999999;\"><em>toteutettu 3D mittaustekniikalla<\/em><\/span><\/p>\n<\/div>\n","protected":false},"excerpt":{"rendered":"<p>\u00c4ht\u00e4rin El\u00e4inpuisto Karhu- ja pandatarhojen j\u00e4tevesien k\u00e4sittelyj\u00e4rjestelm\u00e4n suunnittelu ja toteutus,\u00a02017 Suodatuskentt\u00e4 ja kosteikko. Toteutettu 3D mittaustekniikalla Sein\u00e4joen kaupunki Asuntomessualueen vesist\u00f6rakentaminen (Pruukinranta),\u00a02015 ruoppaukset, venerannat ja uimaranta. Toteutettu 3D mittaustekniikalla Kyrk\u00f6sj\u00e4rven turvelauttojen poistoa Pruukinrannasta asuntomessujen aikana, 2016 lauttojen siirto vastarannalle ja l\u00e4jitys YIT-Rakennus Oy \/ Infrapalvelut Maantie 17623 Kellokorventien kevyenliikenteen v\u00e4yl\u00e4n rakentaminen v\u00e4lille Alavus &#8211; Tuuri, 2016 &#8230; <a title=\"Toteutetut ty\u00f6maat\" class=\"read-more\" href=\"https:\/\/www.maansiirtosoukkala.fi\/?page_id=28\" aria-label=\"Read more about Toteutetut ty\u00f6maat\">Read more<\/a><\/p>\n","protected":false},"author":1,"featured_media":26,"parent":0,"menu_order":0,"comment_status":"closed","ping_status":"closed","template":"","meta":{"footnotes":""},"class_list":["post-28","page","type-page","status-publish","has-post-thumbnail"],"aioseo_notices":[],"_links":{"self":[{"href":"https:\/\/www.maansiirtosoukkala.fi\/index.php?rest_route=\/wp\/v2\/pages\/28"}],"collection":[{"href":"https:\/\/www.maansiirtosoukkala.fi\/index.php?rest_route=\/wp\/v2\/pages"}],"about":[{"href":"https:\/\/www.maansiirtosoukkala.fi\/index.php?rest_route=\/wp\/v2\/types\/page"}],"author":[{"embeddable":true,"href":"https:\/\/www.maansiirtosoukkala.fi\/index.php?rest_route=\/wp\/v2\/users\/1"}],"replies":[{"embeddable":true,"href":"https:\/\/www.maansiirtosoukkala.fi\/index.php?rest_route=%2Fwp%2Fv2%2Fcomments&post=28"}],"version-history":[{"count":21,"href":"https:\/\/www.maansiirtosoukkala.fi\/index.php?rest_route=\/wp\/v2\/pages\/28\/revisions"}],"predecessor-version":[{"id":132,"href":"https:\/\/www.maansiirtosoukkala.fi\/index.php?rest_route=\/wp\/v2\/pages\/28\/revisions\/132"}],"wp:featuredmedia":[{"embeddable":true,"href":"https:\/\/www.maansiirtosoukkala.fi\/index.php?rest_route=\/wp\/v2\/media\/26"}],"wp:attachment":[{"href":"https:\/\/www.maansiirtosoukkala.fi\/index.php?rest_route=%2Fwp%2Fv2%2Fmedia&parent=28"}],"curies":[{"name":"wp","href":"https:\/\/api.w.org\/{rel}","templated":true}]}}